e the remainder when 6576891 is divided by 368.
363
Calculate the remainder when 626602799 is divided by 20.
19
Calculate the remainder when 1499275 is divided by 749636.
3
What is the remainder when 752333 is divided by 75233?
3
Calculate the remainder when 97974 is divided by 97094.
880
Calculate the remainder when 39913 is divided by 5920.
4393
What is the remainder when 23208354 is divided by 9?
0
Calculate the remainder when 234084 is divided by 1357.
680
What is the remainder when 825033 is divided by 63417?
612
What is the remainder when 52415144 is divided by 9?
8
What is the remainder when 2149300 is divided by 337?
251
Calculate the remainder when 20644 is divided by 859.
28
Calculate the remainder when 2375075 is divided by 66.
65
Calculate the remainder when 946435 is divided by 306.
283
What is the remainder when 447190 is divided by 223590?
10
What is the remainder when 3876024 is divided by 695?
9
What is the remainder when 2325418 is divided by 4030?
108
Calculate the remainder when 1239995 is divided by 516.
47
What is the remainder when 21221588 is divided by 253?
201
Calculate the remainder when 6328256 is divided by 134.
106
What is the remainder when 182855 is divided by 259?
1
Calculate the remainder when 578206 is divided by 6966.
28
Calculate the remainder when 12109109 is divided by 1830.
1829
Calculate the remainder when 7745220 is divided by 131.
107
Calculate the remainder when 8381945 is divided by 489.
485
What is the remainder when 368302867 is divided by 83?
78
What is the remainder when 23185332 is divided by 3442?
20
What is the remainder when 5954069 is divided by 313371?
20
Calculate the remainder when 1333627 is divided by 59.
50
Calculate the remainder when 49780 is divided by 16345.
745
Calculate the remainder when 678436 is divided by 95938.
6870
Calculate the remainder when 967987 is divided by 94.
69
What is the remainder when 446980 is divided by 186?
22
Calculate the remainder when 3317554 is divided by 19.
2
What is the remainder when 241053427 is divided by 23?
18
What is the remainder when 118595 is divided by 14514?
2483
What is the remainder when 21028121 is divided by 2628505?
81
Calculate the remainder when 250661720 is divided by 171.
2
Calculate the remainder when 396423 is divided by 4080.
663
What is the remainder when 7211186 is divided by 230?
226
What is the remainder when 49138984 is divided by 7?
6
Calculate the remainder when 545720 is divided by 1909.
1655
Calculate the remainder when 3795590 is divided by 2634.
2630
Calculate the remainder when 46074 is divided by 546.
210
Calculate the remainder when 802923 is divided by 724.
7
What is the remainder when 18826799 is divided by 600?
599
What is the remainder when 73214908 is divided by 1771?
1768
Calculate the remainder when 6856803 is divided by 34.
23
What is the remainder when 534381 is divided by 5641?
4127
What is the remainder when 443421 is divided by 443416?
5
What is the remainder when 499888 is divided by 31243?
0
What is the remainder when 5173618 is divided by 1063?
1060
Calculate the remainder when 138606 is divided by 3149.
50
What is the remainder when 547934 is divided by 1943?
8
Calculate the remainder when 482361 is divided by 160749.
114
Calculate the remainder when 4434340 is divided by 70386.
22
Calculate the remainder when 4914149 is divided by 867.
860
Calculate the remainder when 36668 is divided by 2295.
2243
What is the remainder when 15234091 is divided by 285?
271
What is the remainder when 17947352 is divided by 8973663?
26
What is the remainder when 3668778 is divided by 418?
410
What is the remainder when 48494661 is divided by 485?
481
What is the remainder when 200843 is divided by 24944?
1291
What is the remainder when 38979 is divided by 252?
171
Calculate the remainder when 207731508 is divided by 14.
12
What is the remainder when 1167685 is divided by 53073?
79
Calculate the remainder when 301032359 is divided by 150516174.
11
Calculate the remainder when 2457818 is divided by 13139.
825
Calculate the remainder when 4639780 is divided by 15.
10
Calculate the remainder when 99244 is divided by 49517.
210
What is the remainder when 369007 is divided by 3690?
7
What is the remainder when 1751245 is divided by 328?
53
Calculate the remainder when 150407095 is divided by 14.
13
Calculate the remainder when 35754412 is divided by 1912.
12
What is the remainder when 844049 is divided by 26?
11
Calculate the remainder when 155287 is divided by 2594.
2241
Calculate the remainder when 8064938 is divided by 620365.
193
What is the remainder when 101472 is divided by 454?
230
Calculate the remainder when 258734897 is divided by 34.
31
Calculate the remainder when 18723955 is divided by 17.
2
Calculate the remainder when 1345379 is divided by 1823.
5
What is the remainder when 1050756 is divided by 3593?
1600
What is the remainder when 1740877 is divided by 158257?
50
Calculate the remainder when 1044886 is divided by 2.
0
What is the remainder when 251329225 is divided by 3088?
3081
What is the remainder when 431031 is divided by 86200?
31
Calculate the remainder when 75529 is divided by 150.
79
Calculate the remainder when 1556245 is divided by 43.
32
Calculate the remainder when 446756 is divided by 26.
24
What is the remainder when 510236 is divided by 987?
944
Calculate the remainder when 84021 is divided by 1900.
421
What is the remainder when 66815709 is divided by 102?
99
What is the remainder when 93025 is divided by 408?
1
Calculate the remainder when 130888 is divided by 7699.
5
What is the remainder when 4124031 is divided by 3019?
77
Calculate the remainder when 12381652 is divided by 694.
692
Calculate the remainder when 7637346 is divided by 2085.
2076
Calculate the remainder when 14385044 is divided by 334.
332
What is the remainder when 6590196 is divided by 830?
826
Calculate the remainder when 2900743 is divided by 32.
7
What is the remainder when 442261 is divided by 963?
244
What is the remainder when 39426545 is divided by 27?
11
Calculate the remainder when 1411762 is divided by 235149.
868
What is the remainder when 12314083 is divided by 6157041?
1
Calculate the remainder when 669838 is divided by 103.
29
What is the remainder when 10425481 is divided by 1087?
64
What is the remainder when 1241644312 is divided by 13?
12
What is the remainder when 99974 is divided by 152?
110
What is the remainder when 139132406 is divided by 47?
45
What is the remainder when 17081 is divided by 285?
266
What is the remainder when 54453 is divided by 351?
48
Calculate the remainder when 744353693 is divided by 63.
62
What is the remainder when 6847842 is divided by 1419?
1167
What is the remainder when 2558979 is divided by 19239?
192
Calculate the remainder when 92852 is divided by 138.
116
What is the remainder when 205537292 is divided by 17?
16
What is the remainder when 3512697 is divided by 585441?
51
What is the remainder when 13730235 is divided by 4576700?
135
What is the remainder when 58150749 is divided by 21?
6
Calculate the remainder when 8212722 is divided by 24.
18
Calculate the remainder when 2164742 is divided by 3798.
3680
What is the remainder when 58783802 is divided by 61?
54
What is the remainder when 1575435 is divided by 1085?
15
What is the remainder when 49943651 is divided by 20?
11
Calculate the remainder when 32489118 is divided by 16244552.
14
Calculate the remainder when 132212268 is divided by 62.
58
Calculate the remainder when 361458 is divided by 3932.
3646
What is the remainder when 16816352 is divided by 8?
0
What is the remainder when 30862767 is divided by 10287587?
6
Calculate the remainder when 193408 is divided by 1100.
908
Calculate the remainder when 81954 is divided by 40633.
688
What is the remainder when 696680 is divided by 203?
187
What is the remainder when 2053810 is divided by 2532?
358
Calculate the remainder when 154812 is divided by 4553.
10
Calculate the remainder when 189770 is divided by 10512.
554
What is the remainder when 234580 is divided by 113?
105
What is the remainder when 1126089 is divided by 375304?
177
Calculate the remainder when 10326201 is divided by 2271.
2235
What is the remainder when 314973 is divided by 18523?
82
What